6. Let o be -31 + 1/(4/20). Let l be (-1140)/o - (100/26 + -4). What is the highest common divisor of y and l?
44
Let s be (-1)/(4 - (-6867)/(-1716)). Suppose -2*j + s = 494. Calculate the highest common divisor of j and 3.
3
Let x(i) = 13*i**2 - 117*i - 103. Let c be x(10). What is the greatest common factor of 423 and c?
9
Suppose 0 = 2*r - s - 64, -42 = 7*r - 8*r + 3*s. Suppose -3*t + 105 + r = 0. What is the greatest common divisor of t and 18?
9
Let w(d) = d**2 + d + 9. Let c be w(-7). Let v = c + -41. Let f be -2*(5/v - 2). Calculate the highest common divisor of f and 15.
3
Suppose 4*n - 5*m - 911 = 0, 2*m = 322 - 312. Calculate the highest common factor of n and 1716.
78
Suppose 27*q + 12800 = 41*q + 18*q. What is the greatest common factor of 44 and q?
4
Suppose -2*b - 8 = 0, 3*b - 5*b - 508 = -5*c. Let d be c/25 - ((1 - 22) + 1). Calculate the greatest common divisor of 60 and d.
12
Suppose -3*w - 4*c + 36214 = 0, -5*w = -c - 62828 + 2433. Calculate the greatest common divisor of 198 and w.
198
Suppose 0 = 4*u - 2*l - 686, u - 71 = -4*l + 96. Let k = u - 106. What is the greatest common divisor of k and 52?
13
Suppose b = -3*v + 452, -b + 4*v - 898 = -3*b. Suppose b = 6*t - 571. Calculate the highest common factor of t and 39.
13
Let h = -3642 - -3741. Calculate the highest common factor of h and 22.
11
Let j be (-35)/7*(-2 - 1). Suppose -15*i + j + 0 = 0. What is the greatest common factor of i and 7?
1
Suppose 34*u - 34*u = 29*u - 2436. Calculate the highest common factor of 1008 and u.
84
Suppose -12*j + 13*j = 13. Suppose -j*w + 168 = -27. What is the greatest common divisor of w and 345?
15
Suppose 51*p = 32*p - 4*p + 159229. Calculate the highest common divisor of 43 and p.
43
Let m = -2554 - -2581. What is the highest common divisor of m and 3951?
9
Let w(t) = t**2 + 9*t - 20. Let m(g) = -3*g**2 - 26*g + 58. Let z(j) = -3*m(j) - 8*w(j). Let r be z(-8). What is the highest common factor of 6 and r?
2
Let l(b) = 240*b - 2682. Let f be l(54). What is the highest common divisor of f and 18?
18
Let b be (-5)/1 - (-476 - -17). Calculate the highest common divisor of 2 and b.
2
Let z = -74 - -79. Suppose z*o + 0*s - 329 = s, -4*s = -5*o + 326. Calculate the highest common factor of o and 22.
22
Let p(q) = 27*q - 319. Let o be p(17). What is the highest common factor of 800 and o?
20
Let n = 470 - 416. Suppose n*p = 46*p + 152. What is the highest common divisor of 304 and p?
19
Let x = 39220 - 39160. What is the greatest common factor of 3125 and x?
5
Let s = -8259 + 9251. What is the highest common factor of 2604 and s?
124
Let q be -3*-62*(-1)/6. Let h = 519 - q. Suppose 0 = -243*u - 177*u + 21000. What is the highest common factor of u and h?
50
Let v(g) = 4*g**2 - g - 27. Let u be v(4). Let d(b) = -b**2 - 5*b + 11. Let p be d(-5). Calculate the greatest common divisor of p and u.
11
Let t = 882 + -885. Let r be t*1 + (1670 - -93). Calculate the highest common factor of r and 40.
40
Suppose -17*m + 16*m + 2 = 0. Let l(w) = w**3 + 6*w**2 + 4*w - 7. Let n be l(-6). Let q be (17 + n)/(m/(-4)). Calculate the highest common factor of 84 and q.
28
Let k = -5884 - -5949. Calculate the highest common divisor of 12545 and k.
65
Let r(z) = 6*z + 140. Let o be r(-22). Suppose 12*h - 16 - o = 0. Calculate the greatest common factor of h and 2.
2
Let t(o) = o**3 + 96*o**2 - 544*o - 145. Let z be t(-101). What is the greatest common divisor of 14 and z?
14
Suppose 0 = q + l - 66, 0 = -3*l - 2*l + 5. Let t be 0 + 6/(-15) + 1206/90. What is the greatest common factor of q and t?
13
Let x(z) = 47*z + 2. Let c be x(1). Let q be (-1256)/(-28) - (-7)/c. Let p(a) = 19*a - 1. Let d be p(1). Calculate the highest common factor of q and d.
9
Let h = 60 + -36. Suppose -4*l + h = -60. Let m(v) = v**2 - 15*v + 4. Let g be m(l). Calculate the highest common factor of 26 and g.
26
Let p be ((-42)/(-4))/21*(9 - -1). Let d(h) = h**2 + 6*h - 13. Let f be d(p). What is the greatest common divisor of f and 273?
21
Let j(m) = 5227*m**2 - 16*m + 14. Let o be j(1). Calculate the highest common factor of o and 55.
55
Suppose 2*b + 465*p - 460*p - 51736 = 0, b - 25880 = -4*p. Calculate the highest common factor of b and 36.
36
Let t = 49 + -28. What is the highest common factor of 357 and t?
21
Let o(n) = -14*n + 17*n - 10 - 3. Let h be o(6). Let l be h/(-20) - 362/(-8). Calculate the greatest common divisor of l and 5.
5
Suppose 6*o = -15 + 21. Let k be 4*35/28*o. Calculate the highest common divisor of 145 and k.
5
Suppose -2*t + 5*t + 3*y = 72, 0 = -4*t + 2*y + 114. Let v be (99/t)/(2/78). What is the greatest common divisor of 26 and v?
13
Suppose -1085*y + 1079*y - 3264 = 0. Let s = y + 579. What is the highest common factor of 126 and s?
7
Suppose 12979 - 4170 = 282*j - 63383. Let c(t) = 4*t**2 - 4. Let h be c(-3). Calculate the greatest common factor of h and j.
32
Suppose -4*a = -8 - 8. Suppose -2*d + 4*v + 72 = 0, -v = a*d - 6*v - 132. Suppose -6*i + d - 4 = 0. Calculate the highest common divisor of 28 and i.
4
Suppose 51*t - 79*t = 85*t - 678. What is the greatest common factor of t and 753?
3
Let m be 3*((-3)/6)/(6/(-4)). Let t be (7 + m)/(35/7 - 6). Let j(q) = -q**2 - 11*q - 23. Let s be j(t). Calculate the greatest common divisor of 7 and s.
1
Let q(u) = -2*u - 13190*u**3 - 2*u**2 - 2*u + 13211*u**3 + 4*u. Let b be q(1). What is the highest common divisor of b and 1216?
19
Suppose 4*o + 102 = 5*g, -6*o = -2*o + 12. Let j be (-1)/(-2)*132/6. Suppose j*a = 42 + 90. What is the greatest common divisor of g and a?
6
Let g be 7/(-2)*(-6 + -2). Let j = g + 82. What is the greatest common factor of 22 and j?
22
Let i be (127205/(-6))/(-5) - (-3416)/(-20496). Calculate the greatest common divisor of i and 12.
4
Let s(x) = 4 - 8*x + 4*x + 3*x. Let y be s(3). Let f(o) = 3*o**2 + 39*o + 2. Let z be f(-13). Calculate the highest common factor of z and y.
1
Let y = -34 - -21. Let k be (y/(234/24))/((-2)/267). Suppose -6*f + k = -200. Calculate the highest common divisor of f and 9.
9
Let x(g) = 170*g - 1906. Let j be x(51). Calculate the greatest common factor of 76 and j.
76
Let l(h) = -4*h**3 + 8*h**2 + 2*h. Let r be l(2). Suppose 0 = b - 59 + 17. Suppose -r*z = -58 + b. What is the highest common divisor of 12 and z?
4
Let w(z) = 2*z + 4*z + z - z - 6. Let s = 301 - 298. Let v be w(s). Calculate the highest common divisor of v and 18.
6
Let l be (-1 - 104/(-24))*3*(-138)/(-4). Calculate the greatest common divisor of 1955 and l.
115
Let d be (-5)/(-15)*(3 - 0). Let m(b) = -d + 9*b + 3*b - 7 - 8*b. Let t be m(3). Calculate the highest common factor of t and 2.
2
Let j = 11 + -8. Suppose -d - 5*u = 4*d - 15, j*d - 14 = 2*u. Suppose -210 = 2*r - d*r. What is the greatest common factor of 15 and r?
15
Let d(z) = 2*z**2 - 284*z - 2335. Let w be d(-8). Let p = -49 - -127. What is the highest common factor of w and p?
13
Suppose -471 = -2*c - 3*l, -15 = -12*l + 9*l. What is the highest common factor of c and 1254?
114
Suppose 0 = -2*c + 2*x + 172, 309*x = -2*c + 306*x + 202. What is the greatest common divisor of c and 3910?
46
Let u = 3140 - 3020. Calculate the greatest common divisor of 1380 and u.
60
Suppose 8*z + 117 = -40*b + 45*b, 0 = z + 4. What is the greatest common factor of 13787 and b?
17
Let q = 7841 + -881. Suppose 12*u + 3*u = q. Calculate the greatest common factor of 16 and u.
16
Let j be 511/35 - 15/25. Calculate the greatest common divisor of j and 15274.
14
Suppose -2*o + 2*d + 164 = 2*o, -5*d + 190 = 5*o. Let r = -35 + o. Let y be 2102/r + 5 + 27/(-5). Calculate the highest common factor of y and 42.
42
Suppose -s = 2*t - 435, -990 = -3*t - s - 339. Suppose -5*l - 315 = 4*x, 2*x = 4*l - 2*x + t. Let f = l - -71. What is the highest common factor of f and 36?
12
Suppose -132*j = -85092 + 5496. Calculate the greatest common factor of 5 and j.
1
Let w = 97 + -22. Suppose -5*x - 3*q = -1378, -24*x + 19*x = -q - 1374. What is the greatest common divisor of x and w?
25
Let p = 2311 - 2299. What is the highest common divisor of 366 and p?
6
Let t(w) = 3*w + 5. Let s be 11 - 37 - (-4)/1. Let c = s - -27. Let f be t(c). What is the highest common divisor of 4 and f?
4
Let r be (-426)/(-18) - -3 - (-2)/(-3). Suppose -5 = 2*d - 3*u, -d - 3*u = 3*d + 19. Let